uppose 3*u - x*u - 3 = 0, -3*f - 4*u = -243. What is the tens digit of f?
7
Let p(g) = g**3 + 30*g**2 - 99*g + 14. Let l be p(-33). Suppose -l*q - 14*q = -17136. What is the units digit of q?
2
Let p(m) = -6*m**2 + 2*m - 1. Let x be p(-1). Let l(o) = 4*o**2 + 3*o - 85. What is the hundreds digit of l(x)?
2
What is the units digit of (-104498)/(-12) + ((-32)/120 - 11/(-10))?
9
Let i be (-11 - (-1 + -4)) + 297. Suppose -8*y + 253 + i = 0. What is the units digit of y?
8
Let i(m) = -6*m + 60. Let j be i(6). Suppose 9*u + 30 + j = 0. Let r(s) = s**3 + 9*s**2 + 12*s. What is the tens digit of r(u)?
3
Let b(h) = -4*h**3 - 74*h**2 - 45*h. What is the tens digit of b(-18)?
6
Suppose -19*m + 5*m + 252 = 0. Suppose 17*n + 832 = m*n. What is the hundreds digit of n?
8
Let s = 361 + -351. Suppose 95 = s*a - 5505. What is the tens digit of a?
6
Let i = 14204 - 3826. What is the tens digit of i?
7
Let p(c) = -3*c**3 + 49*c**2 + 646*c + 64. What is the hundreds digit of p(-22)?
5
Suppose -2*a + a + 16 = 0. Let w(u) = u - 14. Let c be w(a). What is the tens digit of (((-2)/(-2))/c)/(2/100)?
2
Suppose -3*y + 820 = -5*f + 82710, 0 = 3*f - y - 49134. What is the units digit of f?
8
Let z(m) = 109*m**2 - 22*m - 28. What is the units digit of z(-11)?
3
Suppose 472*l - 451*l - 388920 = 0. What is the ten thousands digit of l?
1
Let m(b) = -10 - 2 - 9 - 20*b. Let c be m(-4). Suppose 0 = -w + c + 28. What is the units digit of w?
7
Let m(d) = d**3 + 4*d**2 - 5*d + 8. Let p be m(-5). Suppose 2*q = -5*r - p + 20, 5*q - 13 = -4*r. What is the units digit of 83 - q/(-6 - -5)?
4
Let w be (6/(-15))/((-4)/30). Suppose -c - 3 = -5*a + w*c, 5*a + 4*c = 27. What is the tens digit of 87/a*(2 - 0)?
5
What is the hundreds digit of 10*(-21)/(-70) - 15160/(-1)?
1
What is the thousands digit of (7 - (-19136 + -3 + 9)) + 6?
9
Suppose 81*b + 256150 = 106*b. What is the units digit of b?
6
Let i be -1 + (3 - (-9)/(-2))*-2. Let o be (-1)/1*i + 9. What is the units digit of (-17 - o)*3/(-2)?
6
Let h be (-3160)/75 - 6/(-45). Let j be 126/(-4)*(4 + h/9). What is the tens digit of (221/51)/(1/j)?
9
What is the units digit of ((-108)/(-27))/(2/8011*(10 + -8))?
1
Suppose 0 = -4*c + 5*g + 61966, -12*c + 10*c = -g - 30986. What is the hundreds digit of c?
4
Let b(t) = t**2 - 21*t + 122. Let k be b(10). Suppose -2230 = -k*r + 7*r. What is the units digit of r?
6
What is the tens digit of ((-40)/(-30) + -4)/((-4)/27396)?
6
Let b(z) = -z**2 + 124*z - 1192. What is the units digit of b(79)?
3
Let z = -56089 + 96772. What is the tens digit of z?
8
Let s(o) = -39*o - 326. Suppose 0 = u + 44 - 22. What is the tens digit of s(u)?
3
Let l(a) = 2*a**2 + 2*a - 510. Let g be l(0). Let f be (-9)/78*g - (-2)/13. Let v = f - -116. What is the tens digit of v?
7
Let h be (-27)/(-3) - (-1 + 4). What is the tens digit of (-5 - (-36)/h)*202/2?
0
Let j(o) = o**2 - 22*o - 62. Let z be j(25). Let g(h) = 2*h**2 - 7*h + 6. What is the hundreds digit of g(z)?
2
Suppose -2*z + 6456 + 1924 = 0. What is the thousands digit of z?
4
Let k be (58/4 + -7)/(5/12). Suppose k*w - 38624 + 7160 = 0. What is the hundreds digit of w?
7
Let h(l) = -12*l**2 + 4*l + 42. Let x(y) = -7*y**2 + 2*y + 22. Let o(j) = -3*h(j) + 5*x(j). What is the units digit of o(-6)?
2
Let n = -305 - -526. Suppose -4*f + 9*a = 4*a - 851, f - 4*a = n. What is the tens digit of f?
0
Let a = -68 + 80. What is the tens digit of (674/(-8))/((-3)/a)?
3
Let o = -970 + 1378. Suppose -41133 + o = -25*j. What is the thousands digit of j?
1
Let s = 143 + -139. Suppose 0 = -s*g + 3*o + 1200, 3*g - 1242 + 329 = -o. What is the tens digit of g?
0
Let l be 874/(-3) + (-1)/6*4. Let a = -191 + 52. Let u = a - l. What is the tens digit of u?
5
Suppose 239928 = 30*h + 1818. What is the units digit of h?
7
Let b = 3929 - 3372. What is the tens digit of b?
5
Suppose 2*j = -2*f + 7*j + 24239, 4*f - 48511 = -j. What is the tens digit of f?
2
Let j = -20 - -12. Let p be (-143842)/(-1298) + (2 - 60/33). Let b = p + j. What is the units digit of b?
3
Let l be -5 + -3 + 11 - 1/1. What is the tens digit of 1*106*(0 + 5/l)?
6
Suppose 41*m = 42*m + 2*l + 70, -4*l = -5*m - 336. Let v = 259 - m. What is the units digit of v?
7
Let w(n) be the second derivative of 35*n**3/6 + 37*n**2/2 - 84*n. What is the units digit of w(6)?
7
Suppose 4*z + m = 223 + 2051, 0 = 5*z - 5*m - 2805. What is the hundreds digit of z?
5
Suppose -9*b + 10*b = 2*u + 2611, 2*u = 5*b - 13087. What is the hundreds digit of b?
6
Suppose 1661250 = 442*b - 67*b. What is the thousands digit of b?
4
Let h = -2 + 4. Let c(k) = -62*k - 574. Let g be c(-13). Suppose h*x = 4*x - g. What is the tens digit of x?
1
Suppose 3*q = 2*i + 27, 2*q - 37 = -5*i - 0*i. Suppose -2*m + q*m - 684 = 0. What is the tens digit of m?
7
Let c = 26791 - 18710. What is the thousands digit of c?
8
Suppose 3*r - 240 = 3*l, 5*r + 300 = -4*l + 4*r. Let d = -70 - l. What is the tens digit of (36/d)/(4/42)?
6
Let s(w) = 3*w**2 - 18. Let u be (-1)/(-2)*10 - -89. Let q be u/10 + -5*8/100. What is the hundreds digit of s(q)?
2
Let q(r) = 74*r + 30. Let d be q(-2). Suppose f + 3*i + 50 = 0, -5*i = -3*f - i - 215. Let v = f - d. What is the units digit of v?
3
Let r = 21876 - -11596. What is the thousands digit of r?
3
Let x(z) = z**2 - 4*z + 18. Let q be x(8). Let l be (q - (-2 - 4)) + (-1 - 0). Let n = 36 + l. What is the tens digit of n?
9
Suppose 13*s = 9*s - 24. Let t be (((-24)/(-5))/s)/((-2)/125). Let h = t - -42. What is the units digit of h?
2
Let k be 1/(((-12)/(-9))/4). Suppose k*q - 2*o + 4 - 3 = 0, o = 4*q - 2. What is the tens digit of -1*(24 - (2 - q))*-1?
2
Let p be (11/(-55) - (-742)/10) + -2. Suppose 18*g = 24*g - p. What is the tens digit of 819/7 + g/(-2 - 1)?
1
Suppose -507*w + 503*w = -41420. What is the ten thousands digit of w?
1
What is the thousands digit of (-5)/135 - 46247629/(-837)?
5
Suppose -3*z - 4 = -3*y - 10, 4*z = -2*y + 26. Suppose 4*o + 2*b = 7*b + 342, 0 = 4*o + z*b - 322. What is the units digit of o?
3
Let z(w) = 6*w**3 - w**2 + 2*w - 1. Let i = 39 + -70. Let u = -29 - i. What is the units digit of z(u)?
7
Suppose 9*q - 5*q - 3660 = 4*c, q - 5*c - 915 = 0. What is the units digit of q?
5
Let q = 79 + -73. Suppose -1853 - 481 = -q*l. What is the hundreds digit of l?
3
Suppose -10*h = -3558 - 8852. Suppose -5*l + 1245 = -2*q - 3*q, -5*l + h = -3*q. What is the hundreds digit of l?
2
Let v(t) = 1214*t**3 + 44*t - 44. What is the units digit of v(1)?
4
Let y = 32 + -32. Suppose 4*c + y*c = 12. Suppose -88 = -c*p + 56. What is the tens digit of p?
4
Let p(b) be the second derivative of -2*b**3/3 - 27*b**2 - 2*b. What is the units digit of p(-19)?
2
Suppose -3*d + 12 = 3*v, -2*d = -0*d - 6. What is the tens digit of (v + -6)/20*12 - -386?
8
Suppose -5*f = 2*h - 69640, -13*f - 4*h + 13910 = -12*f. What is the hundreds digit of f?
9
Let o = 3 - 0. Let g be o + -3 + (-3 - -6) + 65. Let q = -62 + g. What is the units digit of q?
6
Let g = 25741 + -12723. What is the tens digit of g?
1
Let c be -4*(-4952)/60 - 6/45. Suppose 4*v + 288 = 2*b - 344, 0 = b + 5*v - c. Suppose b = 4*i + 3*w, 2*w + 91 = i + 11. What is the tens digit of i?
8
Suppose 2*g = 5*t - 6, 3*t + 0 + 4 = 5*g. Let m(q) = -4*q + 32*q**t - 2 - 7*q + 13*q**2 + 12*q. What is the tens digit of m(-1)?
4
Let k be 14/4 + (-17)/(-34) - 0. Suppose 4*g - 74 = 6*a - 5*a, -3*g + k*a = -62. Suppose 0 = g*s - 8*s - 1580. What is the units digit of s?
8
Suppose -5*w + w = 2*j, -j = w. Let b be 0 - (w + -3 + 6). What is the units digit of 1086/15 + b + 9/15?
0
Suppose j + 720 = 5*j. Let w = 7336 + -6920. Let d = w - j. What is the tens digit of d?
3
Let n = 45036 - 14549. What is the thousands digit of n?
0
Let r be 8/14 - 14010/168*4. Let z = r - -631. What is the hundreds digit of z?
2
Suppose -5*d + 34 = -6. Suppose -d = y + 14. What is the tens digit of (-170)/(-3) - y/(-33)?
5
What is the hundreds digit of ((-320893)/48 - (-1)/(-16))*9/(-6)?
0
Suppose -3*r = 33*c - 38*c + 7807, 0 = 4*c + r - 6232. What is the hundreds digit of c?
5
Suppose -y = 96*k - 91*k - 36881, y + 4 = 0. What is the hundreds digit of k?
3
Suppose -4*r + 8844 = 2*b - 4*b, 6630 = 3*r - 3*b. What is the units digit of ((-1)/2)/((-14)/r)?
9
Let q(m) = -23*m**2 + 3*m - 4. Let t be q(2). Let v = 145 + t. 